{"id":1044,"date":"2022-01-31T11:07:03","date_gmt":"2022-01-31T11:07:03","guid":{"rendered":"https:\/\/las-amapolas.com\/impressum"},"modified":"2024-06-04T20:58:51","modified_gmt":"2024-06-04T18:58:51","slug":"imprimir","status":"publish","type":"page","link":"https:\/\/las-amapolas.com\/es\/imprimir","title":{"rendered":"Imprimir"},"content":{"rendered":"<h1>Pie de imprenta<\/h1>\n<h2>Informaci\u00f3n seg\u00fan \u00a7 5 TMG<\/h2>\n<p>Christoph Esser<br \/>Schlo\u00df-Dyck-Stra\u00dfe 156<br \/>41238 M\u00f6nchengladbach<\/p>\n<h2>Contacto<\/h2>\n<p>Tel\u00e9fono: \u202d+49 172 5136964\u202c<br \/>\nCorreo electr\u00f3nico: christoph.esser@gmx.info<\/p>\n<h2>Resoluci\u00f3n de litigios en la UE<\/h2>\n<p>La Comisi\u00f3n Europea pone a su disposici\u00f3n una plataforma para la resoluci\u00f3n de litigios en l\u00ednea (OS): https:\/\/ec.europa.eu\/consumers\/odr\/. Encontrar\u00e1 nuestra direcci\u00f3n de correo electr\u00f3nico en el aviso legal anterior.<\/p>\n<h2>Resoluci\u00f3n de litigios de consumo\/centro de arbitraje universal<\/h2>\n<p>No estamos dispuestos ni obligados a participar en un procedimiento de resoluci\u00f3n de litigios ante una junta de arbitraje de consumo.<\/p>\n<p>Fuente: <a href=\"https:\/\/www.e-recht24.de\">e-recht24.de<\/a><\/p>\n","protected":false},"excerpt":{"rendered":"<p>Pie de imprenta Informaci\u00f3n seg\u00fan \u00a7 5 TMG Christoph EsserSchlo\u00df-Dyck-Stra\u00dfe 15641238 M\u00f6nchengladbach Contacto Tel\u00e9fono: \u202d+49 172 5136964\u202c Correo electr\u00f3nico: christoph.esser@gmx.info Resoluci\u00f3n de litigios en la UE La Comisi\u00f3n Europea pone [&hellip;]<\/p>\n","protected":false},"author":1,"featured_media":0,"parent":0,"menu_order":0,"comment_status":"closed","ping_status":"closed","template":"","meta":{"_acf_changed":false,"footnotes":""},"class_list":["post-1044","page","type-page","status-publish","hentry"],"acf":[],"yoast_head":"<!-- This site is optimized with the Yoast SEO plugin v27.5 - https:\/\/yoast.com\/product\/yoast-seo-wordpress\/ -->\n<title>Imprimir - Ferienhaus Las Amapolas in Andalusien<\/title>\n<meta name=\"robots\" content=\"index, follow, max-snippet:-1, max-image-preview:large, max-video-preview:-1\" \/>\n<link rel=\"canonical\" href=\"https:\/\/las-amapolas.com\/es\/imprimir\" \/>\n<meta property=\"og:locale\" content=\"es_ES\" \/>\n<meta property=\"og:type\" content=\"article\" \/>\n<meta property=\"og:title\" content=\"Imprimir - Ferienhaus Las Amapolas in Andalusien\" \/>\n<meta property=\"og:description\" content=\"Pie de imprenta Informaci\u00f3n seg\u00fan \u00a7 5 TMG Christoph EsserSchlo\u00df-Dyck-Stra\u00dfe 15641238 M\u00f6nchengladbach Contacto Tel\u00e9fono: \u202d+49 172 5136964\u202c Correo electr\u00f3nico: christoph.esser@gmx.info Resoluci\u00f3n de litigios en la UE La Comisi\u00f3n Europea pone [&hellip;]\" \/>\n<meta property=\"og:url\" content=\"https:\/\/las-amapolas.com\/es\/imprimir\" \/>\n<meta property=\"og:site_name\" content=\"Ferienhaus Las Amapolas in Andalusien\" \/>\n<meta property=\"article:modified_time\" content=\"2024-06-04T18:58:51+00:00\" \/>\n<meta name=\"twitter:card\" content=\"summary_large_image\" \/>\n<meta name=\"twitter:label1\" content=\"Tiempo de lectura\" \/>\n\t<meta name=\"twitter:data1\" content=\"1 minuto\" \/>\n<script type=\"application\/ld+json\" class=\"yoast-schema-graph\">{\"@context\":\"https:\\\/\\\/schema.org\",\"@graph\":[{\"@type\":\"WebPage\",\"@id\":\"https:\\\/\\\/las-amapolas.com\\\/es\\\/imprimir\",\"url\":\"https:\\\/\\\/las-amapolas.com\\\/es\\\/imprimir\",\"name\":\"Imprimir - Ferienhaus Las Amapolas in Andalusien\",\"isPartOf\":{\"@id\":\"https:\\\/\\\/las-amapolas.com\\\/#website\"},\"datePublished\":\"2022-01-31T11:07:03+00:00\",\"dateModified\":\"2024-06-04T18:58:51+00:00\",\"breadcrumb\":{\"@id\":\"https:\\\/\\\/las-amapolas.com\\\/es\\\/imprimir#breadcrumb\"},\"inLanguage\":\"es\",\"potentialAction\":[{\"@type\":\"ReadAction\",\"target\":[\"https:\\\/\\\/las-amapolas.com\\\/es\\\/imprimir\"]}]},{\"@type\":\"BreadcrumbList\",\"@id\":\"https:\\\/\\\/las-amapolas.com\\\/es\\\/imprimir#breadcrumb\",\"itemListElement\":[{\"@type\":\"ListItem\",\"position\":1,\"name\":\"Home\",\"item\":\"https:\\\/\\\/las-amapolas.com\\\/es\"},{\"@type\":\"ListItem\",\"position\":2,\"name\":\"Imprimir\"}]},{\"@type\":\"WebSite\",\"@id\":\"https:\\\/\\\/las-amapolas.com\\\/#website\",\"url\":\"https:\\\/\\\/las-amapolas.com\\\/\",\"name\":\"Ferienhaus Las Amapolas in Andalusien\",\"description\":\"Conil de la Frontera\",\"potentialAction\":[{\"@type\":\"SearchAction\",\"target\":{\"@type\":\"EntryPoint\",\"urlTemplate\":\"https:\\\/\\\/las-amapolas.com\\\/?s={search_term_string}\"},\"query-input\":{\"@type\":\"PropertyValueSpecification\",\"valueRequired\":true,\"valueName\":\"search_term_string\"}}],\"inLanguage\":\"es\"}]}<\/script>\n<!-- \/ Yoast SEO plugin. -->","yoast_head_json":{"title":"Imprimir - Ferienhaus Las Amapolas in Andalusien","robots":{"index":"index","follow":"follow","max-snippet":"max-snippet:-1","max-image-preview":"max-image-preview:large","max-video-preview":"max-video-preview:-1"},"canonical":"https:\/\/las-amapolas.com\/es\/imprimir","og_locale":"es_ES","og_type":"article","og_title":"Imprimir - Ferienhaus Las Amapolas in Andalusien","og_description":"Pie de imprenta Informaci\u00f3n seg\u00fan \u00a7 5 TMG Christoph EsserSchlo\u00df-Dyck-Stra\u00dfe 15641238 M\u00f6nchengladbach Contacto Tel\u00e9fono: \u202d+49 172 5136964\u202c Correo electr\u00f3nico: christoph.esser@gmx.info Resoluci\u00f3n de litigios en la UE La Comisi\u00f3n Europea pone [&hellip;]","og_url":"https:\/\/las-amapolas.com\/es\/imprimir","og_site_name":"Ferienhaus Las Amapolas in Andalusien","article_modified_time":"2024-06-04T18:58:51+00:00","twitter_card":"summary_large_image","twitter_misc":{"Tiempo de lectura":"1 minuto"},"schema":{"@context":"https:\/\/schema.org","@graph":[{"@type":"WebPage","@id":"https:\/\/las-amapolas.com\/es\/imprimir","url":"https:\/\/las-amapolas.com\/es\/imprimir","name":"Imprimir - Ferienhaus Las Amapolas in Andalusien","isPartOf":{"@id":"https:\/\/las-amapolas.com\/#website"},"datePublished":"2022-01-31T11:07:03+00:00","dateModified":"2024-06-04T18:58:51+00:00","breadcrumb":{"@id":"https:\/\/las-amapolas.com\/es\/imprimir#breadcrumb"},"inLanguage":"es","potentialAction":[{"@type":"ReadAction","target":["https:\/\/las-amapolas.com\/es\/imprimir"]}]},{"@type":"BreadcrumbList","@id":"https:\/\/las-amapolas.com\/es\/imprimir#breadcrumb","itemListElement":[{"@type":"ListItem","position":1,"name":"Home","item":"https:\/\/las-amapolas.com\/es"},{"@type":"ListItem","position":2,"name":"Imprimir"}]},{"@type":"WebSite","@id":"https:\/\/las-amapolas.com\/#website","url":"https:\/\/las-amapolas.com\/","name":"Ferienhaus Las Amapolas in Andalusien","description":"Conil de la Frontera","potentialAction":[{"@type":"SearchAction","target":{"@type":"EntryPoint","urlTemplate":"https:\/\/las-amapolas.com\/?s={search_term_string}"},"query-input":{"@type":"PropertyValueSpecification","valueRequired":true,"valueName":"search_term_string"}}],"inLanguage":"es"}]}},"_links":{"self":[{"href":"https:\/\/las-amapolas.com\/es\/wp-json\/wp\/v2\/pages\/1044","targetHints":{"allow":["GET"]}}],"collection":[{"href":"https:\/\/las-amapolas.com\/es\/wp-json\/wp\/v2\/pages"}],"about":[{"href":"https:\/\/las-amapolas.com\/es\/wp-json\/wp\/v2\/types\/page"}],"author":[{"embeddable":true,"href":"https:\/\/las-amapolas.com\/es\/wp-json\/wp\/v2\/users\/1"}],"replies":[{"embeddable":true,"href":"https:\/\/las-amapolas.com\/es\/wp-json\/wp\/v2\/comments?post=1044"}],"version-history":[{"count":3,"href":"https:\/\/las-amapolas.com\/es\/wp-json\/wp\/v2\/pages\/1044\/revisions"}],"predecessor-version":[{"id":1086,"href":"https:\/\/las-amapolas.com\/es\/wp-json\/wp\/v2\/pages\/1044\/revisions\/1086"}],"wp:attachment":[{"href":"https:\/\/las-amapolas.com\/es\/wp-json\/wp\/v2\/media?parent=1044"}],"curies":[{"name":"wp","href":"https:\/\/api.w.org\/{rel}","templated":true}]}}

<h1>Pie de imprenta</h1>
<h2>Información según § 5 TMG</h2>
<p>Christoph Esser<br />Schloß-Dyck-Straße 156<br />41238 Mönchengladbach</p>
<h2>Contacto</h2>
<p>Teléfono: ‭+49 172 5136964‬<br />
Correo electrónico: christoph.esser@gmx.info</p>
<h2>Resolución de litigios en la UE</h2>
<p>La Comisión Europea pone a su disposición una plataforma para la resolución de litigios en línea (OS): https://ec.europa.eu/consumers/odr/. Encontrará nuestra dirección de correo electrónico en el aviso legal anterior.</p>
<h2>Resolución de litigios de consumo/centro de arbitraje universal</h2>
<p>No estamos dispuestos ni obligados a participar en un procedimiento de resolución de litigios ante una junta de arbitraje de consumo.</p>
<p>Fuente: <a href="https://www.e-recht24.de">e-recht24.de</a></p>

<p>Pie de imprenta Información según § 5 TMG Christoph EsserSchloß-Dyck-Straße 15641238 Mönchengladbach Contacto Teléfono: ‭+49 172 5136964‬ Correo electrónico: christoph.esser@gmx.info Resolución de litigios en la UE La Comisión Europea pone [&hellip;]</p>

<!-- This site is optimized with the Yoast SEO plugin v27.5 - https://yoast.com/product/yoast-seo-wordpress/ -->
<title>Imprimir - Ferienhaus Las Amapolas in Andalusien</title>
<meta name="robots" content="index, follow, max-snippet:-1, max-image-preview:large, max-video-preview:-1" />
<link rel="canonical" href="https://las-amapolas.com/es/imprimir" />
<meta property="og:locale" content="es_ES" />
<meta property="og:type" content="article" />
<meta property="og:title" content="Imprimir - Ferienhaus Las Amapolas in Andalusien" />
<meta property="og:description" content="Pie de imprenta Información según § 5 TMG Christoph EsserSchloß-Dyck-Straße 15641238 Mönchengladbach Contacto Teléfono: ‭+49 172 5136964‬ Correo electrónico: christoph.esser@gmx.info Resolución de litigios en la UE La Comisión Europea pone [&hellip;]" />
<meta property="og:url" content="https://las-amapolas.com/es/imprimir" />
<meta property="og:site_name" content="Ferienhaus Las Amapolas in Andalusien" />
<meta property="article:modified_time" content="2024-06-04T18:58:51+00:00" />
<meta name="twitter:card" content="summary_large_image" />
<meta name="twitter:label1" content="Tiempo de lectura" />
	<meta name="twitter:data1" content="1 minuto" />
<script type="application/ld+json" class="yoast-schema-graph">{"@context":"https:\/\/schema.org","@graph":[{"@type":"WebPage","@id":"https:\/\/las-amapolas.com\/es\/imprimir","url":"https:\/\/las-amapolas.com\/es\/imprimir","name":"Imprimir - Ferienhaus Las Amapolas in Andalusien","isPartOf":{"@id":"https:\/\/las-amapolas.com\/#website"},"datePublished":"2022-01-31T11:07:03+00:00","dateModified":"2024-06-04T18:58:51+00:00","breadcrumb":{"@id":"https:\/\/las-amapolas.com\/es\/imprimir#breadcrumb"},"inLanguage":"es","potentialAction":[{"@type":"ReadAction","target":["https:\/\/las-amapolas.com\/es\/imprimir"]}]},{"@type":"BreadcrumbList","@id":"https:\/\/las-amapolas.com\/es\/imprimir#breadcrumb","itemListElement":[{"@type":"ListItem","position":1,"name":"Home","item":"https:\/\/las-amapolas.com\/es"},{"@type":"ListItem","position":2,"name":"Imprimir"}]},{"@type":"WebSite","@id":"https:\/\/las-amapolas.com\/#website","url":"https:\/\/las-amapolas.com\/","name":"Ferienhaus Las Amapolas in Andalusien","description":"Conil de la Frontera","potentialAction":[{"@type":"SearchAction","target":{"@type":"EntryPoint","urlTemplate":"https:\/\/las-amapolas.com\/?s={search_term_string}"},"query-input":{"@type":"PropertyValueSpecification","valueRequired":true,"valueName":"search_term_string"}}],"inLanguage":"es"}]}</script>
<!-- / Yoast SEO plugin. -->

Pie de imprenta Información según § 5 TMG Christoph EsserSchloß-Dyck-Straße 15641238 Mönchengladbach Contacto Teléfono: ‭+49 172 5136964‬ Correo electrónico: christoph.esser@gmx.info Resolución de litigios en la UE La Comisión Europea pone [&hellip;]
